44 + u. What is the hundreds digit of p?
1
Suppose 0 = 2*x + 36. Let p = x - -24. Suppose p + 26 = 2*a. What is the units digit of a?
6
Let t(v) = -189*v + 121. Let q(z) = -759*z + 486. Let j(m) = 2*q(m) - 9*t(m). What is the units digit of j(3)?
2
Suppose h = 4*h + 135. Let z = -1 - h. What is the units digit of (105/(-20))/((-3)/z)?
7
Let d(b) = 156*b - 263. Let z be d(14). Let v = -1038 + z. What is the tens digit of v?
8
Let w(u) = 1492*u**2 + 25*u - 141. What is the hundreds digit of w(6)?
7
Let x = 21131 + -8966. What is the thousands digit of x?
2
Let v = 780 - 765. Suppose 3*o - v*z + 10*z = 3995, -4*o - z + 5319 = 0. What is the hundreds digit of o?
3
Suppose -3*x = 4*d - 21657 + 7977, 2*x - 5*d - 9097 = 0. Suppose 1087 = 9*l - x. What is the tens digit of l?
2
Let r = -21541 + 55278. What is the hundreds digit of r?
7
Suppose -t = -5*z - 2 + 45, -4*t + 44 = 4*z. Suppose 4*i = 2*y + 16, 2*i + 3*i + 3*y - z = 0. Suppose -h - 278 = -i*h. What is the tens digit of h?
3
Let c = -84 + 156. Let f be (-16)/c - ((-56)/9 - -1). Suppose f*a + 2*g = -g + 639, g = 3. What is the hundreds digit of a?
1
Let n = 6642 + -3837. What is the thousands digit of n?
2
Let t(i) = 3*i**2 - 98*i + 1914. What is the thousands digit of t(53)?
5
Suppose 0 = 4*b - 2*y - 85516, 9795 + 97160 = 5*b + 5*y. What is the units digit of b?
3
Let a = 55 + -52. Let w be a*(0 - -1) - (217 + 3). Let n = 390 + w. What is the hundreds digit of n?
1
Suppose 6 = -6*t + 3*t. Let m be (-12 + 8 - 9/t)*10. Suppose -m*v + 120 + 125 = 0. What is the tens digit of v?
4
Let a(k) = 2*k**2 + 8*k + 20. Let l be ((-8)/(-3))/((-1)/3). Let i = l + 1. What is the units digit of a(i)?
2
Let i be 21*(-6)/18 - -9. Suppose -2*d + 0*d = 0. What is the hundreds digit of (d + i + 70)*22/8?
1
What is the hundreds digit of 1 + 80676 + 9 + -19?
6
Let k(u) = -4159*u - 6480. What is the thousands digit of k(-10)?
5
Suppose -42 - 12 = 18*f. What is the tens digit of 2/f + 1484/3?
9
Suppose 0 = -34*x + 29*x + 15. Suppose -3*q + 5*h = -636, -15*q + 14*q + 216 = -x*h. What is the hundreds digit of q?
2
Suppose -333867 = -19*m - 114412 + 352540. What is the units digit of m?
5
Let f(w) be the third derivative of w**5/20 - 5*w**4/6 - 41*w**3/2 - 14*w**2. What is the hundreds digit of f(21)?
7
Suppose 20*n - 21*n = -5238. Suppose 5*s = -2*g - 663 + 2742, -5*g + n = -s. What is the thousands digit of g?
1
Let o(l) = -1304*l + 6667. What is the ten thousands digit of o(-29)?
4
What is the ten thousands digit of 2/(-9) + -2 + ((-17618076)/(-81))/14?
1
Suppose 1943*b + 132627 = 1954*b. What is the hundreds digit of b?
0
Suppose 3*k = 5*k + 20. Let i = k - -19. Suppose i*f + 2*f = 242. What is the units digit of f?
2
Suppose -60*o + 75*o = -162*o. Let y(z) = -z**2 + 2*z. Let x be y(2). Suppose x = k - o*k - 3, -48 = -c - k. What is the units digit of c?
5
Let z be ((-14)/(-4))/((133/(-182))/19). Suppose -12 = 4*h + 52. Let k = h - z. What is the units digit of k?
5
Let u(d) = -83*d**3 - 2*d**2 - 2*d - 1. Let w be u(-1). Let o = -88 + w. What is the hundreds digit of 1/o - 8984/(-48)?
1
Let x = 186451 + -126887. What is the units digit of x?
4
Let w(d) be the second derivative of -d**5/20 + 7*d**4/12 - 13*d**3/6 - 27*d**2/2 - 162*d + 1. What is the units digit of w(-6)?
9
Suppose 2*v - 2*f - 1996 = f, 4*f = 5*v - 4990. Suppose p - 6*z = -10*z + v, -5*p + 5032 = -z. What is the thousands digit of p?
1
What is the tens digit of ((-248581)/(-331))/((-1)/(-11))?
6
Suppose 0 = -4*d + 4, -4*l + 24688 = -2*d - 11678. What is the tens digit of l?
9
Let l(n) = 20*n**2 + n + 2. Let h be l(-2). Suppose -6 = 3*b + x, 0*x + x + 1 = 2*b. Let s = h - b. What is the tens digit of s?
8
Let m be 37800/(-26) - (-98)/(-637). What is the tens digit of (4 - (14 - 7)) + (-2 - m)?
4
Suppose -9*y = -13*y + 116. Let c = y - -321. What is the units digit of c?
0
Let i(d) = -49*d - 6. Let v(n) = 49*n + 5. Let u(a) = 5*i(a) + 4*v(a). Let t be u(-6). Suppose -2*w + 154 = -t. What is the tens digit of w?
1
What is the units digit of ((-2)/8)/(274/(-10394464))?
4
What is the hundreds digit of 3 + 9 + (-141)/12 - (-29067)/4?
2
Suppose -70*w = 50*w - 433680. What is the tens digit of w?
1
Let g = 7642 - 580. What is the hundreds digit of g?
0
What is the tens digit of 6*((-62)/(-372) + (-4786)/(-12))?
9
Suppose 0 = 4*j + 4*s - 72, -s - 33 = 3*j - 5*j. Suppose -j*d = -8*d - 7083. What is the tens digit of d?
8
Suppose 4*a = -0*a. Suppose 16*c - 487 - 3817 = a. What is the tens digit of c?
6
Let p = 18 + -14. Suppose -128 - 116 = -p*u. Let r = -23 + u. What is the units digit of r?
8
Let j(b) = 2*b + 23. Let d be j(-9). Suppose 139 = -d*q + 7*s - 3*s, 0 = -q - 4*s - 23. What is the units digit of (7/21)/((-1)/q)?
9
Suppose 4*g - 9*g + 15 = 0, -2*g + 40 = c. What is the hundreds digit of (c + 5)*(-44)/(-12)?
1
Suppose 12*y - 12 = 6*y. Suppose -y*b = -b - 422. What is the hundreds digit of b?
4
Suppose 0 = 7*m - 22003 - 158639. Suppose -29*h = 5*h - m. What is the tens digit of h?
5
Suppose -v + 0*v - 2*k + 6977 = 0, 5*k = 3*k. What is the tens digit of v?
7
Let k be -1 - (-6)/3*(-4)/(-8). Suppose 4*p + 7*l - 3*l - 2608 = k, -l = 4*p - 2605. What is the hundreds digit of p?
6
Let f be (16 - 17)/(1/5). What is the tens digit of 317 + (-4 - f)*0?
1
Let f be (-7)/(42/(-24)) - -2. Suppose 4*b = 4*a - 1284, -a + f*a - b - 1617 = 0. What is the units digit of a?
4
Suppose -2*z + 2014 = 4*f, -3*f + 2*z = -2*z - 1483. Let a = f + -255. Suppose -2*u + 8*w - 4*w = -a, 5*w - 540 = -5*u. What is the hundreds digit of u?
1
Suppose 5*k - 5056 = -11*k. Let o = 1448 - k. What is the hundreds digit of o?
1
Let o(r) = r**3 + 14*r**2 - 30*r + 35. Let b be o(-16). Suppose 6*t = b*t + 81. What is the tens digit of t?
2
Suppose -2*o = 7*o + 18. Let u be (o - 54/(-21))*(-7)/(-2). Let c(t) = 68*t + 6. What is the hundreds digit of c(u)?
1
Suppose -2*p + 4*p + 3*x = -129, -225 = 4*p - 5*x. Let c be p*(5/(-2) - (1 - 4)). Let g = 11 - c. What is the units digit of g?
1
Let t(y) = 4*y**2 - 5*y + 4. Let p be t(1). What is the hundreds digit of p*((-537)/(-3) + 2)?
5
Suppose -5370100 = -334*g + 6763979 - 42611. What is the hundreds digit of g?
2
Let d(p) = 12*p**2 - 42*p - 7. Let z be d(8). Suppose -z*o = -434*o + 2493. What is the units digit of o?
7
Let h(u) = -u**3 + 23*u**2 - 13*u - 39. Suppose -3*c = -b + 32, -c + 37 = b - 5*c. What is the thousands digit of h(b)?
1
Let a = -31 - -40. Suppose -a*w = 2*w - 22. Suppose -2*s + j = -j - 196, 94 = s - w*j. What is the units digit of s?
2
Suppose 69 = 5*c - 3*u, -2*c - 3*u + 18 = -u. What is the units digit of -11 + c - 1*-800?
1
Let y(a) = -a + 16. Let v be y(7). Let m = v + 2. Let n = 91 - m. What is the units digit of n?
0
Let z be 2/12 - (3 - 2723/42). Let c = z + -60. Suppose -c*n - 96 = -240. What is the tens digit of n?
7
Let q = 12456 + -7109. What is the hundreds digit of q?
3
Suppose -u + 115 = -6*u. Suppose 9*p - 520 = -p. Let k = u + p. What is the units digit of k?
9
Let m = 285 + -161. Let c be m*(-3 + 7 - 3). Suppose 3*k + 24 - c = -g, 4*k = -2*g + 200. What is the units digit of g?
0
Let h = -109 + 113. Suppose 5*s = h*i + 385, -3 = -5*s - 18. Let k = -59 - i. What is the units digit of k?
1
Let f = -307 + 311. Suppose 0 = 5*d - 2*k - 3474, -f*k = 2*d + 233 - 1637. What is the units digit of d?
6
Suppose 20 = -5*r + 10. Let k(l) = -44*l**3 - 4*l**2 - 2*l. Let x be k(r). Suppose x = -6*t + 11*t. What is the tens digit of t?
6
Suppose 72996 = 5*j - 2*j + 4*j. What is the thousands digit of j?
0
Suppose 133*u = 91*u + 98784. What is the tens digit of u?
5
Suppose -3*a - 67 = -49. Let z be a/18 + (1 - (-10)/3). Suppose 0*i + 884 = z*i + 4*k, -3*i + 2*k = -648. What is the hundreds digit of i?
2
Let q be (2/(-4))/((-1)/52*2). Suppose q*k - 14*k = -283. What is the tens digit of k?
8
Let k be 159/(-9)*(-6)/2. Let q = k + -53. What is the hundreds digit of (-112)/(-3)*(q + -5 + 8)?
1
What is the units digit of (104/520)/(1/60415)?
3
Suppose -4*a + 24 - 4 = 0. Suppose g - 40 = -3*v, 3*v = -4*g + a*g + 32. Suppose -v = 4*o - 10*o. What is the units digit of o?
2
Suppose 0 = 12*y - 32*y + 307796 + 83804. What is the thousands digit of y?
9
Let f(z) = -7*z + 30. Let n(o) = -8*o + 29. Let t(j) = 5*f(j) - 4*n(j). Let d be t(21)